s of 3310437?
3, 13, 29, 2927
What are the prime factors of 211012?
2, 71, 743
What are the prime factors of 535525?
5, 31, 691
What are the prime factors of 6806048?
2, 53, 4013
List the prime factors of 810811.
29, 73, 383
List the prime factors of 47341.
7, 6763
List the prime factors of 2442508.
2, 23, 139, 191
What are the prime factors of 535325?
5, 7, 19, 23
What are the prime factors of 6007?
6007
List the prime factors of 2017660.
2, 5, 79, 1277
What are the prime factors of 214419?
3, 71473
What are the prime factors of 25968651?
3, 797, 10861
List the prime factors of 6575377.
6575377
List the prime factors of 222849.
3, 11, 2251
List the prime factors of 1843278.
2, 3, 41, 59, 127
What are the prime factors of 1286039?
1286039
List the prime factors of 211621.
431, 491
List the prime factors of 1615745.
5, 323149
What are the prime factors of 52586?
2, 26293
What are the prime factors of 368101?
17, 59, 367
List the prime factors of 611445.
3, 5, 40763
What are the prime factors of 1331773?
1331773
List the prime factors of 22461277.
1637, 13721
What are the prime factors of 613559?
613559
List the prime factors of 68729.
68729
List the prime factors of 3718495.
5, 11, 17, 41, 97
What are the prime factors of 7231933?
29, 249377
What are the prime factors of 29674861?
29674861
What are the prime factors of 2024188?
2, 506047
List the prime factors of 5694299.
13, 127, 3449
List the prime factors of 6877924.
2, 19, 90499
List the prime factors of 301149.
3, 33461
List the prime factors of 987219.
3, 229, 479
List the prime factors of 22459331.
1009, 22259
What are the prime factors of 149545?
5, 11, 2719
What are the prime factors of 1297489?
29, 44741
What are the prime factors of 10267707?
3, 3422569
List the prime factors of 493044.
2, 3, 181, 227
What are the prime factors of 62982?
2, 3, 3499
List the prime factors of 461433.
3, 7, 43, 73
List the prime factors of 14519017.
14519017
What are the prime factors of 15866238?
2, 3, 349, 7577
List the prime factors of 7143989.
7143989
What are the prime factors of 175658?
2, 7, 12547
List the prime factors of 15950178.
2, 3, 23, 59, 653
What are the prime factors of 3366160?
2, 5, 7, 6011
List the prime factors of 4007285.
5, 37, 21661
List the prime factors of 829131.
3, 191, 1447
What are the prime factors of 7770381?
3, 2590127
List the prime factors of 2866103.
1301, 2203
List the prime factors of 4533339.
3, 17, 103, 863
What are the prime factors of 163482?
2, 3, 11, 2477
What are the prime factors of 314712?
2, 3, 31, 47
List the prime factors of 1222.
2, 13, 47
What are the prime factors of 641865?
3, 5, 7, 6113
What are the prime factors of 708105?
3, 5, 47207
List the prime factors of 272882.
2, 47, 2903
What are the prime factors of 921001?
921001
What are the prime factors of 280035?
3, 5, 7, 127
What are the prime factors of 7066566?
2, 3, 13, 23, 101
What are the prime factors of 18799988?
2, 4699997
List the prime factors of 1090713.
3, 13, 27967
What are the prime factors of 736558?
2, 368279
What are the prime factors of 5413915?
5, 13, 43, 149
What are the prime factors of 2778185?
5, 555637
What are the prime factors of 294569?
11, 61, 439
What are the prime factors of 310456?
2, 151, 257
List the prime factors of 1812710.
2, 5, 17, 10663
List the prime factors of 210859.
11, 29, 661
What are the prime factors of 4899336?
2, 3, 13, 41, 383
What are the prime factors of 12423952?
2, 776497
List the prime factors of 5912582.
2, 13, 227407
What are the prime factors of 257859?
3, 7, 4093
List the prime factors of 19882654.
2, 11, 903757
List the prime factors of 2727101.
13, 31, 67, 101
What are the prime factors of 108275?
5, 61, 71
What are the prime factors of 28428565?
5, 11, 516883
What are the prime factors of 6942278?
2, 7, 495877
List the prime factors of 266425.
5, 10657
List the prime factors of 170353.
170353
List the prime factors of 33993.
3, 1259
What are the prime factors of 10144593?
3, 1127177
What are the prime factors of 60546?
2, 3, 10091
List the prime factors of 6419313.
3, 167, 4271
List the prime factors of 362329.
11, 32939
List the prime factors of 34661.
11, 23, 137
List the prime factors of 652430.
2, 5, 53, 1231
List the prime factors of 7140696.
2, 3, 113, 2633
List the prime factors of 104491.
104491
List the prime factors of 1121570.
2, 5, 19, 5903
What are the prime factors of 29542518?
2, 3, 53, 173, 179
What are the prime factors of 1239661?
1239661
List the prime factors of 178735.
5, 35747
List the prime factors of 2015323.
83, 24281
List the prime factors of 1115396.
2, 278849
List the prime factors of 15953907.
3, 5317969
What are the prime factors of 1924298?
2, 17, 56597
List the prime factors of 21052996.
2, 197, 26717
What are the prime factors of 1495745?
5, 17, 17597
What are the prime factors of 40369?
7, 73, 79
What are the prime factors of 4074800?
2, 5, 61, 167
What are the prime factors of 814895?
5, 17, 9587
List the prime factors of 14867686.
2, 7433843
What are the prime factors of 325406?
2, 162703
List the prime factors of 253286.
2, 11, 29, 397
What are the prime factors of 2481193?
11, 13, 17351
List the prime factors of 618667.
7, 31, 2851
What are the prime factors of 3533163?
3, 31, 37991
What are the prime factors of 1314342?
2, 3, 73019
What are the prime factors of 5921423?
17, 29, 12011
List the prime factors of 11423803.
331, 34513
List the prime factors of 1982151.
3, 2719
List the prime factors of 142140.
2, 3, 5, 23, 103
What are the prime factors of 846871?
846871
List the prime factors of 2844976.
2, 177811
List the prime factors of 756773.
756773
List the prime factors of 31935328.
2, 467, 2137
What are the prime factors of 3942000?
2, 3, 5, 73
What are the prime factors of 1156003?
23, 50261
List the prime factors of 376972.
2, 73, 1291
List the prime factors of 24417.
3, 2713
What are the prime factors of 1232190?
2, 3, 5, 13691
List the prime factors of 340177.
41, 8297
What are the prime factors of 11088178?
2, 2311, 2399
What are the prime factors of 877563?
3, 281, 347
What are the prime factors of 5316651?
3, 67, 2939
List the prime factors of 6374611.
23, 277157
What are the prime factors of 810550?
2, 5, 13, 29, 43
What are the prime factors of 23842462?
2, 7, 313, 5441
List the prime factors of 83062.
2, 7, 17, 349
List the prime factors of 994887.
3, 110543
List the prime factors of 438309.
3, 31, 1571
What are the prime factors of 25183?
25183
What are the prime factors of 13179?
3, 23, 191
List the prime factors of 664733.
31, 41, 523
What are the prime factors of 82019?
7, 11717
List the prime factors of 367985.
5, 73597
List the prime factors of 354416.
2, 17, 1303
List the prime factors of 17775726.
2, 3, 2962621
List the prime factors of 919203.
3, 347, 883
What are the prime factors of 11452926?
2, 3, 137, 13933
List the prime factors of 1076431.
71, 15161
List the prime factors of 598916.
2, 149729
What are the prime factors of 1012510?
2, 5, 19, 73
What are the prime factors of 3062907?
3, 17, 6673
List the prime factors of 1220339.
193, 6323
List the prime factors of 6813926.
2, 7, 181, 2689
List the prime factors of 1597440.
2, 3, 5, 13
List the prime factors of 2787669.
3, 23, 67
List the prime factors of 177574.
2, 19, 4673
What are the prime factors of 5876815?
5, 7, 17, 83
List the prime factors of 142056.
2, 3, 1973
List the prime factors of 2927328.
2, 3, 30493
List the prime factors of 71651.
137, 523
What are the prime factors of 573073?
197, 2909
What are the prime factors of 72798?
2, 3, 11, 1103
List the prime factors of 10162.
2, 5081
What are the prime factors of 23963226?
2, 3, 7, 570553
List the prime factors of 7266194.
2, 13, 53, 5273
What are the prime factors of 1575118?
2, 17, 46327
What are the prime factors of 425741?
271, 1571
What are the prime factors of 379974?
2, 3, 7, 83, 109
What are the prime factors of 657254?
2, 13, 17, 1487
What are the prime factors of 74752?
2, 73
What are the prime factors of 25139954?
2, 7, 353, 5087
List the prime factors of 1117581.
3, 31, 61, 197
What are the prime factors of 409689?
3, 7, 929
List the prime factors of 48370.
2, 5, 7, 691
What are the prime factors of 5168052?
2, 3, 89, 1613
What are the prime fact